 prime?
False
Is 43921 composite?
True
Is 32167 a prime number?
False
Is 1361 a prime number?
True
Is 1041 a composite number?
True
Is 631 a prime number?
True
Is 97891 a prime number?
False
Is 36866 prime?
False
Is 13963 composite?
False
Is 123787 prime?
True
Is 10007 prime?
True
Is 152967 a prime number?
False
Is 17606 composite?
True
Is 55871 a prime number?
True
Is 9299 composite?
True
Is 23 composite?
False
Is 7817 prime?
True
Is 11213 a composite number?
False
Is 3943 a prime number?
True
Is 15499 a composite number?
True
Is 23857 a composite number?
False
Is 11911 composite?
True
Is 267167 prime?
True
Is 2265179 prime?
False
Is 7061 prime?
False
Is 554923 prime?
True
Is 49849 prime?
False
Is 6437 a composite number?
True
Is 537067 prime?
True
Is 2479 composite?
True
Is 189629 a composite number?
True
Is 20471 composite?
True
Is 138001 prime?
False
Is 1019437 composite?
True
Is 4582535 prime?
False
Is 48617 prime?
False
Is 313363 a composite number?
True
Is 616387 composite?
False
Is 20019 prime?
False
Is 153785 a composite number?
True
Is 5261 a composite number?
False
Is 527867 a composite number?
True
Is 1514 a prime number?
False
Is 567937 a prime number?
True
Is 2690399 prime?
False
Is 98179 a prime number?
True
Is 20411 a prime number?
True
Is 46 a composite number?
True
Is 91619 a composite number?
True
Is 60487 a prime number?
False
Is 237571 a composite number?
False
Is 109346 prime?
False
Is 1191 a prime number?
False
Is 1945 a composite number?
True
Is 21643 composite?
True
Is 11243 composite?
False
Is 2253835 prime?
False
Is 8747 a prime number?
True
Is 54083 a prime number?
True
Is 334447 prime?
True
Is 8549 a prime number?
False
Is 720907 a prime number?
False
Is 9111 composite?
True
Is 9527 composite?
True
Is 865 prime?
False
Is 6499 a prime number?
False
Is 4109 a composite number?
True
Is 49186 composite?
True
Is 223807 composite?
True
Is 23053 a prime number?
True
Is 2503 a prime number?
True
Is 213329 prime?
True
Is 1232603 a composite number?
False
Is 48271 composite?
False
Is 979 prime?
False
Is 459209 a prime number?
True
Is 122861 a prime number?
True
Is 553 prime?
False
Is 2429 a composite number?
True
Is 48497 a prime number?
True
Is 21121 a composite number?
False
Is 2554 a composite number?
True
Is 132713 prime?
False
Is 10637 composite?
True
Is 223019 a composite number?
False
Is 365163 a composite number?
True
Is 427813 composite?
False
Is 93229 prime?
True
Is 250619 a prime number?
True
Is 3242773 composite?
False
Is 1075489 a prime number?
True
Is 6599 composite?
False
Is 782183 a composite number?
False
Is 278989 a prime number?
False
Is 172145 a prime number?
False
Is 921 composite?
True
Is 4385 a composite number?
True
Is 12713 prime?
True
Is 21083 a composite number?
True
Is 4089421 a composite number?
True
Is 21241 composite?
True
Is 39533 composite?
True
Is 134313 a composite number?
True
Is 213383 a composite number?
False
Is 27509 a composite number?
False
Is 697 prime?
False
Is 2317 a prime number?
False
Is 24133 prime?
True
Is 44141 a prime number?
False
Is 12955 a composite number?
True
Is 1072063 a composite number?
True
Is 5383 a prime number?
False
Is 6227 a prime number?
False
Is 31439 a composite number?
True
Is 141005 a prime number?
False
Is 2056121 a composite number?
True
Is 7069 composite?
False
Is 896167 composite?
False
Is 342943 a prime number?
False
Is 73571 a prime number?
True
Is 49573 composite?
True
Is 92947 prime?
False
Is 45161 a prime number?
True
Is 29399 a prime number?
True
Is 23566 a composite number?
True
Is 237317 prime?
False
Is 498577 a composite number?
False
Is 49373 composite?
True
Is 2867 composite?
True
Is 15937 a composite number?
False
Is 15491 a composite number?
True
Is 53773 composite?
False
Is 22343 composite?
False
Is 206407 prime?
True
Is 277637 a prime number?
True
Is 41491 composite?
False
Is 135977 a composite number?
False
Is 2039 prime?
True
Is 528041 a composite number?
False
Is 158023 composite?
True
Is 1979 prime?
True
Is 47077 prime?
False
Is 4441 composite?
False
Is 315919 a composite number?
True
Is 1093333 a prime number?
False
Is 290929 a prime number?
False
Is 702089 a prime number?
False
Is 77473 a prime number?
False
Is 153487 composite?
False
Is 9293 a prime number?
True
Is 217901 a composite number?
False
Is 89839 prime?
True
Is 467063 a prime number?
True
Is 372077 a composite number?
True
Is 481 composite?
True
Is 432037 a prime number?
True
Is 12199 a prime number?
False
Is 2267299 prime?
True
Is 857137 a prime number?
True
Is 251 prime?
True
Is 68707 a prime number?
False
Is 732559 a composite number?
True
Is 150151 a prime number?
True
Is 45919 a composite number?
True
Is 27361 composite?
False
Is 1038563 composite?
False
Is 10133 a composite number?
False
Is 48641 a prime number?
False
Is 106487 prime?
True
Is 39049 prime?
False
Is 119963 a composite number?
False
Is 25639 prime?
True
Is 81311 a prime number?
False
Is 419 a prime number?
True
Is 170701 composite?
False
Is 1261 composite?
True
Is 13781 a prime number?
True
Is 16729 composite?
False
Is 55911 composite?
True
Is 331349 a prime number?
True
Is 349433 a composite number?
True
Is 1711 composite?
True
Is 50837 composite?
True
Is 25657 prime?
True
Is 33197 a prime number?
False
Is 5455 a prime number?
False
Is 54394 a composite number?
True
Is 719 a prime number?
True
Is 439 prime?
True
Is 225109 a composite number?
False
Is 6197 prime?
True
Is 50017 composite?
True
Is 11707 a composite number?
True
Is 4849 a prime number?
False
Is 2557063 a prime number?
True
Is 67657 composite?
True
Is 67601 a composite number?
False
Is 144961 a composite number?
False
Is 926797 a prime number?
True
Is 311 a prime number?
True
Is 5141 composite?
True
Is 293653 prime?
False
Is 993 composite?
True
Is 236237 a composite number?
True
Is 1669 a prime number?
True
Is 66167 composite?
True
Is 39629 a composite number?
True
Is 212549 a prime number?
False
Is 274303 composite?
True
Is 448801 prime?
True
Is 119179 a prime number?
True
Is 15499 composite?
True
Is 23234 prime?
False
Is 842581 prime?
True
Is 138821 a composite number?
False
Is 740609 composite?
True
Is 4391 prime?
True
Is 5207 prime?
False
Is 173749 a composite number?
True
Is 71563 composite?
False
Is 121763 composite?
False
Is 235307 composite?
False
Is 2609 a prime number?
True
Is 208523 composite?
True
Is 276517 composite?
False
Is 84377 a prime number?
True
Is 78479 composite?
False
Is 24859 a prime number?
True
Is 2179 composite?
False
Is 235289 a composite number?
False
Is 360419 a prime number?
False
Is 16342 prime?
False
Is 41347 a composite number?
True
Is 530737 prime?
False
Is 14254 composite?
True
Is 2279 composite?
True
Is 165779 prime?
True
Is 37031 prime?
False
Is 4861 composite?
False
Is 27059 prime?
True
Is 140345 a composite number?
True
Is 1119873 composite?
True
Is 105019 a composite number?
False
Is 345379 composite?
False
Is 81013 prime?
True
Is 39307 prime?
False
Is 169759 prime?
False
Is 3241 a prime number?
False
Is 149263 prime?
False
Is 32709 prime?
False
Is 7655 a composite number?
True
Is 85127 composite?
True
Is 68711 prime?
True
Is 146207 prime?
False
Is 10265 composite?
True
Is 456245 a prime number?
False
Is 10559 composite?
False
Is 59389 composite?
True
Is 113279 composite?
False
Is 5699 prime?
False
Is 8641 prime?
True
Is 36181 a composite number?
True
Is 10567 a prime number?
True
Is 1973 a composite number?
False
Is 6637 prime?
True
Is 435751 a composite number?
False
Is 3398 a composite number?
True
Is 3983 prime?
False
Is 3370085 prime?
False
Is 315179 composite?
False
Is 91411 a prime number?
True
Is 1188719 composite?
True
Is 221303 a composite number?
False
Is 28591 composite?
False
Is 1259 prime?
True
Is 67007 composite?
True
Is 42649 prime?
True
Is 1916033 a composite number?
True
Is 58217 composite?
False
Is 11957 a prime number?
False
Is 21713 a composite number?
False
Is 2234 prime?
False
Is 452091 prime?
False
Is 961865 a prime number?
False
Is 14029 a composite number?
False
Is 4271 a composite number?
False
Is 60893 a prime number?
False
Is 237 a composite number?
True
Is 113179 composite?
True
Is 102369 prime?
False
Is 474119 a composite number?
False
Is 313249 a prime number?
